{"id":2,"date":"2017-12-06T21:44:15","date_gmt":"2017-12-06T20:44:15","guid":{"rendered":"http:\/\/www.artlukas.pl\/?page_id=2"},"modified":"2018-02-12T22:39:54","modified_gmt":"2018-02-12T21:39:54","slug":"przykladowa-strona","status":"publish","type":"page","link":"http:\/\/www.artlukas.pl\/index.php\/przykladowa-strona\/","title":{"rendered":"Us\u0142ugi"},"content":{"rendered":"<p><em><strong>Nasze prace<\/strong><\/em> rozpoczynamy z regu\u0142y od wizyty w pomieszczeniu przeznaczonym do remontu, w celu pobrania wszystkich koniecznych wymiar\u00f3w oraz poznania szczeg\u00f3\u0142owych preferencji klienta, dotycz\u0105cych planowanego wygl\u0105du nowego wn\u0119trza.<\/p>\n<p>Kolejnym krokiem jest opracowanie dok\u0142adnego kosztorysu planowanych do przeprowadzenia przez nas prac. Dzi\u0119ki temu Klient ma pe\u0142n\u0105 \u015bwiadomo\u015b\u0107, jakie koszty poniesie za ka\u017cdy etap prac. Dodatkowo z g\u00f3ry mo\u017cna zaplanowa\u0107 finanse na kompleksowy remont mieszkania, jak r\u00f3wnie\u017c na dalsze wyko\u0144czenia.<\/p>\n<p>Na podstawie w\u0142asnego do\u015bwiadczenia wychodzimy z za\u0142o\u017cenia, \u017ce powodzenie procesu remontu mieszkania czy domu jest w du\u017cej mierze uzale\u017cnione od kompleksowego (ca\u0142o\u015bciowego) podej\u015bcia do tego zagadnienia. Dlatego te\u017c w celu osi\u0105gni\u0119cia jak najlepszych rezultat\u00f3w naszej pracy oferujemy szeroki zakres wykonywanych przez nas us\u0142ug, w sk\u0142ad kt\u00f3rych wchodz\u0105:<\/p>\n<p>1. Us\u0142ugi malarskie, tapeciarskie,itp..<br \/>\n+ malowanie: \u015bcian, sufit\u00f3w,<br \/>\n+ okien, grzejnik\u00f3w, rur, drzwi<br \/>\n+ tapetowanie \u015bcian i sufit\u00f3w<br \/>\n+ gruntowanie \u015bcian i sufit\u00f3w<br \/>\n+ g\u0142ad\u017a gipsowa &#8211; wyg\u0142adzanie \u015bcian i sufit\u00f3w &#8211; sztablatura<\/p>\n<p>2. Us\u0142ugi glazurnicze, itp&#8230;<br \/>\n+ uk\u0142adanie: glazury, terakoty,<br \/>\ngresu, mozaiki, marmuru \u2013 kamienia, itp&#8230;<br \/>\n+ szlifowanie naro\u017cnik\u00f3w zewn.<br \/>\nglazury, terakoty, gresu, kamienia<br \/>\n+ monta\u017c coko\u0142\u00f3w ceramicznych<br \/>\n+ skucie starych p\u0142ytek i wyr\u00f3wnanie pod\u0142o\u017ca<br \/>\n+ wykonanie r\u00f3\u017cnego rodzaju p\u00f3\u0142ek z glazury<br \/>\n+ obmurowanie wanien, brodzik\u00f3w<br \/>\n+ murowanie brodzik\u00f3w z izolacj\u0105<br \/>\n+ bia\u0142y monta\u017c<\/p>\n<p>3. Us\u0142ugi murarskie i tynkarskie:<br \/>\n+ murowanie \u015bcian dzia\u0142owych<br \/>\n+ tynkowanie<br \/>\n+ wylewanie posadzek<br \/>\n+ wykonanie nadpro\u017cy<br \/>\n+ wyburzenia \u015bcian dzia\u0142owych<br \/>\n+ skucie tynk\u00f3w<br \/>\n+ monta\u017c pustak\u00f3w szklanych \u2013 luxfer\u00f3w<br \/>\n+ wykonanie wylewek samopoziomuj\u0105cych<br \/>\n+ monta\u017c drzwi i o\u015bcie\u017cnic-futryn<br \/>\n+ monta\u017c parapet\u00f3w wewn\u0119trznych<\/p>\n<p>4. Zabudowy gipsowo-kartonowe:<br \/>\n+ monta\u017c \u015bcian dzia\u0142owych z p\u0142yt gk<br \/>\n+ monta\u017c sufit\u00f3w podwieszanych z p\u0142yt gk<br \/>\n+ monta\u017c belek z p\u0142yt gk<br \/>\n+ monta\u017c s\u0142up\u00f3w z p\u0142yt gk<br \/>\n+ ocieplenia \u015bcian i sufit\u00f3w \u2013 poddaszy<br \/>\n+ monta\u017c sztukaterii<\/p>\n<p>5. Monta\u017c sufit\u00f3w podwieszanych z p\u0142yt mineralnych<\/p>\n<p>6. Wykonanie nowych i modernizacja istniej\u0105cych instalacji:<br \/>\n+ hydraulicznych<br \/>\n+ elektrycznych<br \/>\n+ telefonicznych<br \/>\n+ alarmowych<br \/>\n+ komputerowych<br \/>\n+ monta\u017c osprz\u0119tu elektroinstalacyjnego<\/p>\n<p>7. Us\u0142ugi posadzkarskie, parkieciarskie, cykliniarskie, itp&#8230;<br \/>\n+ uk\u0142adanie paneli pod\u0142ogowych<br \/>\n+ monta\u017c listew przypod\u0142ogowych<br \/>\n+ uk\u0142adanie wyk\u0142adzin dywanowych<br \/>\n+ zerwanie starych: parkiet\u00f3w, wyk\u0142adzin, itp&#8230;<br \/>\n+ wylanie masy samopoziomuj\u0105cej<\/p>\n<p>8. Monta\u017c okien, parapet\u00f3w i drzwi \u2013 r\u00f3\u017cnych typ\u00f3w<\/p>\n<p>9. Monta\u017c urz\u0105dze\u0144 sanitarnych<\/p>\n<p>10. Monta\u017c karniszy, firan, \u017caluzji, rolet<\/p>\n<p>11. Monta\u017c szafek kuchennych, szaf wn\u0119kowych,<br \/>\nbibliotek itp.<\/p>\n<p>12. Wyw\u00f3z gruzu \u2013 kontenerem<\/p>\n<p>13. Sprz\u0105tanie wyremontowanego lokalu<\/p>\n<p>14. Wszelkie inne prace zwi\u0105zane z wyko\u0144czeniem<br \/>\nwn\u0119trz danych lokali<\/p>\n","protected":false},"excerpt":{"rendered":"<p>Nasze prace rozpoczynamy z regu\u0142y od wizyty w pomieszczeniu przeznaczonym do remontu, w celu pobrania wszystkich koniecznych wymiar\u00f3w oraz poznania szczeg\u00f3\u0142owych preferencji klienta, dotycz\u0105cych planowanego wygl\u0105du nowego wn\u0119trza. Kolejnym krokiem jest opracowanie dok\u0142adnego kosztorysu planowanych do przeprowadzenia przez nas prac. Dzi\u0119ki temu Klient ma pe\u0142n\u0105 \u015bwiadomo\u015b\u0107, jakie koszty poniesie za ka\u017cdy etap prac. Dodatkowo z &hellip; <\/p>\n<p class=\"link-more\"><a href=\"http:\/\/www.artlukas.pl\/index.php\/przykladowa-strona\/\" class=\"more-link\">Czytaj dalej<span class=\"screen-reader-text\"> Us\u0142ugi<\/span><\/a><\/p>\n","protected":false},"author":1,"featured_media":45,"parent":0,"menu_order":0,"comment_status":"closed","ping_status":"open","template":"","meta":[],"_links":{"self":[{"href":"http:\/\/www.artlukas.pl\/index.php\/wp-json\/wp\/v2\/pages\/2"}],"collection":[{"href":"http:\/\/www.artlukas.pl\/index.php\/wp-json\/wp\/v2\/pages"}],"about":[{"href":"http:\/\/www.artlukas.pl\/index.php\/wp-json\/wp\/v2\/types\/page"}],"author":[{"embeddable":true,"href":"http:\/\/www.artlukas.pl\/index.php\/wp-json\/wp\/v2\/users\/1"}],"replies":[{"embeddable":true,"href":"http:\/\/www.artlukas.pl\/index.php\/wp-json\/wp\/v2\/comments?post=2"}],"version-history":[{"count":3,"href":"http:\/\/www.artlukas.pl\/index.php\/wp-json\/wp\/v2\/pages\/2\/revisions"}],"predecessor-version":[{"id":113,"href":"http:\/\/www.artlukas.pl\/index.php\/wp-json\/wp\/v2\/pages\/2\/revisions\/113"}],"wp:featuredmedia":[{"embeddable":true,"href":"http:\/\/www.artlukas.pl\/index.php\/wp-json\/wp\/v2\/media\/45"}],"wp:attachment":[{"href":"http:\/\/www.artlukas.pl\/index.php\/wp-json\/wp\/v2\/media?parent=2"}],"curies":[{"name":"wp","href":"https:\/\/api.w.org\/{rel}","templated":true}]}}